{"id":66,"date":"2024-09-17T19:56:40","date_gmt":"2024-09-17T17:56:40","guid":{"rendered":"https:\/\/www.tewetech.de\/?page_id=66"},"modified":"2024-09-17T19:56:40","modified_gmt":"2024-09-17T17:56:40","slug":"smart-home-integration","status":"publish","type":"page","link":"https:\/\/www.tewetech.de\/?page_id=66","title":{"rendered":"Smart Home Integration"},"content":{"rendered":"\n[et_pb_section fb_built=&#8221;1&#8243; admin_label=&#8221;Feature&#8221; _builder_version=&#8221;4.25.1&#8243; background_color=&#8221;RGBA(255,255,255,0)&#8221; use_background_color_gradient=&#8221;on&#8221; background_color_gradient_stops=&#8221;rgba(255,255,255,0) 5%|rgba(219,219,219,0) 100%&#8221; background_color_gradient_overlays_image=&#8221;on&#8221; background_color_gradient_start=&#8221;#345168&#8243; background_color_gradient_start_position=&#8221;5%&#8221; background_color_gradient_end=&#8221;rgba(219,219,219,0)&#8221; background_image=&#8221;https:\/\/www.tewetech.de\/wp-content\/uploads\/2024\/09\/5T-23_4130-scaled-e1726577024516.jpg&#8221; min_height=&#8221;100px&#8221; height=&#8221;300px&#8221; max_height=&#8221;1000px&#8221; custom_padding=&#8221;9.7%||9.7%||true|false&#8221; filter_saturate=&#8221;156%&#8221; filter_sepia=&#8221;88%&#8221; bottom_divider_flip=&#8221;horizontal&#8221; global_colors_info=&#8221;{}&#8221; theme_builder_area=&#8221;post_content&#8221;][et_pb_row _builder_version=&#8221;4.16&#8243; max_width=&#8221;1280px&#8221; animation_direction=&#8221;bottom&#8221; use_custom_width=&#8221;on&#8221; custom_width_px=&#8221;1280px&#8221; global_colors_info=&#8221;{}&#8221; theme_builder_area=&#8221;post_content&#8221;][et_pb_column type=&#8221;4_4&#8243; _builder_version=&#8221;4.16&#8243; custom_padding=&#8221;|||&#8221; global_colors_info=&#8221;{}&#8221; custom_padding__hover=&#8221;|||&#8221; theme_builder_area=&#8221;post_content&#8221;][et_pb_text admin_label=&#8221;Text&#8221; _builder_version=&#8221;4.25.1&#8243; text_font=&#8221;Lato||||||||&#8221; text_font_size=&#8221;18px&#8221; text_line_height=&#8221;1.8em&#8221; link_font=&#8221;||||||||&#8221; ul_font=&#8221;||||||||&#8221; ol_font=&#8221;||||||||&#8221; quote_font=&#8221;||||||||&#8221; header_font=&#8221;||||||||&#8221; header_2_font=&#8221;Lato|700|||||||&#8221; header_2_font_size=&#8221;40px&#8221; header_2_letter_spacing=&#8221;2px&#8221; header_2_line_height=&#8221;1.5em&#8221; header_3_font=&#8221;||||||||&#8221; header_4_font=&#8221;||||||||&#8221; header_5_font=&#8221;||||||||&#8221; header_6_font=&#8221;Lato|700|||||||&#8221; header_6_font_size=&#8221;18px&#8221; header_6_letter_spacing=&#8221;1px&#8221; header_6_line_height=&#8221;1.8em&#8221; text_orientation=&#8221;right&#8221; background_layout=&#8221;dark&#8221; animation_style=&#8221;slide&#8221; animation_direction=&#8221;bottom&#8221; animation_intensity_slide=&#8221;5%&#8221; header_2_font_size_tablet=&#8221;&#8221; header_2_font_size_phone=&#8221;22px&#8221; header_2_font_size_last_edited=&#8221;on|phone&#8221; global_colors_info=&#8221;{}&#8221; theme_builder_area=&#8221;post_content&#8221;]<h2 style=\"text-align: center;\">Smart Home &#8211; einfach bis komplex<\/h2>\n<h2 style=\"text-align: center;\"><span style=\"font-size: 16px;\">Ich freue mich, dass Sie den Weg auf meine Webseite gefunden haben<\/span><\/h2>[\/et_pb_text][\/et_pb_column][\/et_pb_row][\/et_pb_section][et_pb_section fb_built=&#8221;1&#8243; admin_label=&#8221;Services&#8221; _builder_version=&#8221;4.25.1&#8243; background_color=&#8221;#7CDA24&#8243; custom_padding=&#8221;0|0px|0|0px|true|false&#8221; bottom_divider_flip=&#8221;horizontal&#8221; bottom_divider_arrangement=&#8221;above_content&#8221; global_colors_info=&#8221;{}&#8221; theme_builder_area=&#8221;post_content&#8221;][et_pb_row column_structure=&#8221;1_3,1_3,1_3&#8243; use_custom_gutter=&#8221;on&#8221; gutter_width=&#8221;1&#8243; make_equal=&#8221;on&#8221; padding_top_bottom_link_1=&#8221;false&#8221; padding_top_bottom_link_2=&#8221;false&#8221; padding_top_bottom_link_3=&#8221;false&#8221; padding_top_bottom_link_4=&#8221;false&#8221; padding_left_right_link_1=&#8221;true&#8221; padding_left_right_link_2=&#8221;true&#8221; padding_left_right_link_3=&#8221;true&#8221; padding_left_right_link_4=&#8221;true&#8221; module_class=&#8221; et_pb_row_fullwidth&#8221; _builder_version=&#8221;4.25.1&#8243; background_enable_color=&#8221;off&#8221; width=&#8221;100%&#8221; width_tablet=&#8221;100%&#8221; width_phone=&#8221;100%&#8221; width_last_edited=&#8221;on|desktop&#8221; max_width=&#8221;100%&#8221; max_width_tablet=&#8221;100%&#8221; max_width_phone=&#8221;100%&#8221; max_width_last_edited=&#8221;on|desktop&#8221; custom_margin=&#8221;|||&#8221; custom_padding=&#8221;0px|0px|0|0px|false|false&#8221; make_fullwidth=&#8221;on&#8221; global_colors_info=&#8221;{}&#8221; theme_builder_area=&#8221;post_content&#8221;][et_pb_column type=&#8221;1_3&#8243; _builder_version=&#8221;4.25.1&#8243; background_color=&#8221;#FFFFFF&#8221; custom_padding=&#8221;80px|40px|150px|40px&#8221; custom_padding_tablet=&#8221;20px||60px|&#8221; custom_padding_phone=&#8221;60px||60px||true&#8221; custom_padding_last_edited=&#8221;on|phone&#8221; global_colors_info=&#8221;{}&#8221; padding_phone=&#8221;60px||60px||true&#8221; padding_tablet=&#8221;20px||60px|&#8221; padding_last_edited=&#8221;on|phone&#8221; custom_padding__hover=&#8221;|||&#8221; theme_builder_area=&#8221;post_content&#8221;][et_pb_blurb use_icon=&#8221;on&#8221; font_icon=&#8221;&#x68;||divi||400&#8243; icon_color=&#8221;#345168&#8243; image_icon_width=&#8221;32px&#8221; _builder_version=&#8221;4.25.1&#8243; header_level=&#8221;h3&#8243; header_font=&#8221;Lato|700|||||||&#8221; header_line_height=&#8221;1.5em&#8221; body_font=&#8221;Lato||||||||&#8221; body_font_size=&#8221;18px&#8221; body_line_height=&#8221;1.8em&#8221; text_orientation=&#8221;center&#8221; max_width=&#8221;340px&#8221; module_alignment=&#8221;center&#8221; custom_margin=&#8221;||30px|&#8221; animation_style=&#8221;slide&#8221; animation_direction=&#8221;bottom&#8221; animation_intensity_slide=&#8221;5%&#8221; icon_font_size=&#8221;32px&#8221; inline_fonts=&#8221;Arial,Lato&#8221; global_colors_info=&#8221;{}&#8221; theme_builder_area=&#8221;post_content&#8221;]<h4 class=\"et_pb_module_header\"><span>Smart Home<\/span><\/h4>\n<div class=\"et_pb_blurb_description\">\n<p>\u00a0Smart Home ist weit mehr als nur \u201eAlexa \u2013 Licht an\u201c. Ein smartes Zuhause wei\u00df wann Sie zu Hause sind, wei\u00df wann Sie wo Licht brauchen, wann es Zeit ist die Fenster zu beschatten, die Garage zu schlie\u00dfen oder zu \u00f6ffnen und Steckdosen abzuschalten. Es kennt ihre Vorliebe f\u00fcr Musik und Licht bei einem Glas Wein. Es zeigt Ihnen bei Rauchalarm den sicheren Weg nach drau\u00dfen und signalisiert der Feuerwehr durch Beleuchtung wo es zu finden ist. Sie wollen es w\u00e4rmer oder k\u00e4lter ? Bevor die teure Heizung bel\u00e4stigt wird, entscheidet Ihr Zuhause ob es nicht vielleicht durch einfaches \u00d6ffnen oder Schlie\u00dfen der Beschattung das Ziel erreichen kann w\u00e4hrend es immer ein Auge darauf hat ob Ihre W\u00e4sche schon fertig ist um Sie dar\u00fcber zu informieren.<\/p>\n<p>Das ist ein smartes Zuhause \u2013 ein SmartHome. Es ist smart und clever \u2013 nicht geschw\u00e4tzig. Und weil Ihr Zuhause cool ist, gie\u00dft es den Garten obwohl Sie im Urlaub sind \u2013 aber nat\u00fcrlich nur wenn n\u00f6tig. Die M\u00f6glichkeiten sind fast endlos. Gerne nehme ich Sie mit und erz\u00e4hle Ihnen was Ihr Haus alles f\u00fcr Sie tun k\u00f6nnte, wenn Sie es lassen.<\/p>\n<p>Wenn Sie mehr dar\u00fcber erfahren wollen und vor allem ob alles wirklich so teuer ist wie viele sagen (meistens \u2013 NEIN !!), dann kontaktieren Sie mich doch gleich.<\/p>\n<\/div>[\/et_pb_blurb][\/et_pb_column][et_pb_column type=&#8221;1_3&#8243; _builder_version=&#8221;4.25.1&#8243; background_color=&#8221;#FFFFFF&#8221; custom_padding=&#8221;70px|40px|150px|40px&#8221; custom_padding_tablet=&#8221;20px||60px|&#8221; custom_padding_phone=&#8221;60px||60px||true&#8221; custom_padding_last_edited=&#8221;on|phone&#8221; global_colors_info=&#8221;{}&#8221; padding_phone=&#8221;60px||60px||true&#8221; padding_tablet=&#8221;20px||60px|&#8221; padding_last_edited=&#8221;on|phone&#8221; custom_padding__hover=&#8221;|||&#8221; theme_builder_area=&#8221;post_content&#8221;][et_pb_blurb use_icon=&#8221;on&#8221; font_icon=&#8221;&#xf1b3;||fa||900&#8243; icon_color=&#8221;#345168&#8243; image_icon_width=&#8221;32px&#8221; _builder_version=&#8221;4.25.1&#8243; header_level=&#8221;h3&#8243; header_font=&#8221;Lato|700|||||||&#8221; header_text_color=&#8221;#000000&#8243; header_line_height=&#8221;1.5em&#8221; body_font=&#8221;Lato||||||||&#8221; body_font_size=&#8221;18px&#8221; body_line_height=&#8221;1.8em&#8221; text_orientation=&#8221;center&#8221; max_width=&#8221;340px&#8221; module_alignment=&#8221;center&#8221; custom_margin=&#8221;||30px|&#8221; custom_padding=&#8221;||5px|||&#8221; animation_style=&#8221;slide&#8221; animation_direction=&#8221;bottom&#8221; animation_intensity_slide=&#8221;5%&#8221; icon_font_size=&#8221;32px&#8221; global_colors_info=&#8221;{}&#8221; theme_builder_area=&#8221;post_content&#8221;]<h4 class=\"et_pb_module_header\"><span>Leistungen<\/span><\/h4>\n<div class=\"et_pb_blurb_description\">\n<p>Ich bin seit 25 Jahren selbst\u00e4ndig im Bereich der IT, kenne aber die Funktionsweise der klassischen Elektroverkabelung.<\/p>\n<p>Von vielen Elektrikern h\u00f6ren Sie \u201ezu teuer\u201c, \u201ezu aufw\u00e4ndig\u201c oder \u201enicht machbar\u201c. M\u00f6glicherweise wird Ihr Heim mit einem BUS-System verkabelt, es fehlt aber die Fantasie oder das Know How der logischen Verkn\u00fcpfung von einzelnen Gewerken.<br \/>Im schlimmsten Fall wird verkauft und es scheitert an der Inbetriebnahme.<\/p>\n<p>Ich biete Ihnen f\u00fcr Neubauten, Sanierungen oder Erweiterung Ihrer bestehenden Installation meine Leistungen an, die sich von der Planung, Erstellung des Verkabelungsplanes f\u00fcr den Elektriker bis zur Inbetriebnahme und Wartung erstreckt. Ich UNTERST\u00dcTZE Ihren Elektriker im Bereich SmartHome und erg\u00e4nze ihn. Gerne stelle ich auch den Kontakt zu einem zuverl\u00e4ssigen Partner her.<\/p>\n<p>Was ich nicht mache, sind die Verkabelung und Abnahme der Schalt- und Verteilerschr\u00e4nke (ausgenommen reine KNX-Verteiler). Hierzu ben\u00f6tigt es Fachpersonal mit Meistertitel und entsprechende Erfahrung.<\/p>\n<p>Die Planung erfolgt detailiert mit Ihnen zusammen, so dass Sie genau wissen was Ihr Haus tut und auch selbst in der Lage sind es zu warten, wenn Sie das m\u00f6chten.<\/p>\n<p>Die Leistung erfolgt im Bodeseekreis, Tuttlingen, Singen, Konstanz oder online bundesweit.<\/p>\n<\/div>[\/et_pb_blurb][\/et_pb_column][et_pb_column type=&#8221;1_3&#8243; _builder_version=&#8221;4.25.1&#8243; background_color=&#8221;#FFFFFF&#8221; custom_padding=&#8221;60px|40px|150px|40px&#8221; custom_padding_tablet=&#8221;60px|||&#8221; custom_padding_phone=&#8221;60px||60px||true&#8221; custom_padding_last_edited=&#8221;on|phone&#8221; global_colors_info=&#8221;{}&#8221; padding_phone=&#8221;60px||60px||true&#8221; padding_tablet=&#8221;60px|||&#8221; padding_last_edited=&#8221;on|phone&#8221; custom_padding__hover=&#8221;|||&#8221; theme_builder_area=&#8221;post_content&#8221;][et_pb_blurb use_icon=&#8221;on&#8221; font_icon=&#8221;&#xe038;||divi||400&#8243; icon_color=&#8221;#345168&#8243; image_icon_width=&#8221;32px&#8221; _builder_version=&#8221;4.25.1&#8243; header_level=&#8221;h3&#8243; header_font=&#8221;|700|||||||&#8221; header_text_color=&#8221;#000000&#8243; header_line_height=&#8221;1.5em&#8221; body_font=&#8221;Lato||||||||&#8221; body_font_size=&#8221;18px&#8221; body_line_height=&#8221;1.8em&#8221; text_orientation=&#8221;center&#8221; max_width=&#8221;340px&#8221; module_alignment=&#8221;center&#8221; custom_margin=&#8221;||30px|&#8221; animation_style=&#8221;slide&#8221; animation_direction=&#8221;bottom&#8221; animation_delay=&#8221;200ms&#8221; animation_intensity_slide=&#8221;5%&#8221; icon_font_size=&#8221;32px&#8221; locked=&#8221;off&#8221; global_colors_info=&#8221;{}&#8221; theme_builder_area=&#8221;post_content&#8221; custom_padding=&#8221;||0px|||&#8221;]<h4 class=\"et_pb_module_header\"><span>Was denn alles ?<\/span><\/h4>\n<div class=\"et_pb_blurb_description\">\n<p>KNX, Loxone, HomeMatic, Gira, Zigbee, Shelly, HUE, EnOcean, OneWire, ioBroker, NodeRed etc.<\/p>\n<p>Welche Vor- bzw. Nachteile die einzelnen Systeme und Protokolle mit sich bringen, wie man sie effektiv und kosteng\u00fcnstig einsetzt er\u00f6rtere ich gerne mit Ihnen im direkten Gespr\u00e4ch. Es gibt nicht das EINE RICHTIGE und den EINEN WEG. Es ist individuell \u2013 genau wie Sie und Ihr Zuhause.<\/p>\n<\/div>[\/et_pb_blurb][\/et_pb_column][\/et_pb_row][\/et_pb_section]\n","protected":false},"excerpt":{"rendered":"<p>Smart Home &#8211; einfach bis komplex Ich freue mich, dass Sie den Weg auf meine Webseite gefunden habenSmart Home \u00a0Smart Home ist weit mehr als nur \u201eAlexa \u2013 Licht an\u201c. Ein smartes Zuhause wei\u00df wann Sie zu Hause sind, wei\u00df wann Sie wo Licht brauchen, wann es Zeit ist die Fenster zu beschatten, die Garage [&hellip;]<\/p>\n","protected":false},"author":1,"featured_media":0,"parent":0,"menu_order":0,"comment_status":"closed","ping_status":"closed","template":"","meta":{"_et_pb_use_builder":"on","_et_pb_old_content":"","_et_gb_content_width":"","footnotes":""},"class_list":["post-66","page","type-page","status-publish","hentry"],"_links":{"self":[{"href":"https:\/\/www.tewetech.de\/index.php?rest_route=\/wp\/v2\/pages\/66","targetHints":{"allow":["GET"]}}],"collection":[{"href":"https:\/\/www.tewetech.de\/index.php?rest_route=\/wp\/v2\/pages"}],"about":[{"href":"https:\/\/www.tewetech.de\/index.php?rest_route=\/wp\/v2\/types\/page"}],"author":[{"embeddable":true,"href":"https:\/\/www.tewetech.de\/index.php?rest_route=\/wp\/v2\/users\/1"}],"replies":[{"embeddable":true,"href":"https:\/\/www.tewetech.de\/index.php?rest_route=%2Fwp%2Fv2%2Fcomments&post=66"}],"version-history":[{"count":3,"href":"https:\/\/www.tewetech.de\/index.php?rest_route=\/wp\/v2\/pages\/66\/revisions"}],"predecessor-version":[{"id":70,"href":"https:\/\/www.tewetech.de\/index.php?rest_route=\/wp\/v2\/pages\/66\/revisions\/70"}],"wp:attachment":[{"href":"https:\/\/www.tewetech.de\/index.php?rest_route=%2Fwp%2Fv2%2Fmedia&parent=66"}],"curies":[{"name":"wp","href":"https:\/\/api.w.org\/{rel}","templated":true}]}}